(g) = -g + 3. Let r be m(7). Let a(x) = 29*x**2 + 12*x - 3. Is a(r) a prime number?
False
Is ((-785)/20)/(4/(-656)) prime?
False
Is (6466 - 14) + (-5 - -2) a prime number?
True
Let h be 1*-3 - (3 + -5). Let m be h/2*(10 + -2). Is 93 + (m/2)/1 a prime number?
False
Suppose -119199 - 252991 = -4*n - k, 372180 = 4*n - 4*k. Is n a composite number?
False
Suppose 35*q = 110033 + 112112. Is q composite?
True
Let j(h) be the second derivative of -h**4/12 - h**3/3 - 3*h**2/2 - 2*h. Let q be j(-2). Is 75 - (0 - (q + 2)) a composite number?
True
Let m(l) = l**2 + 3*l - 4. Let r be m(5). Let x be 3*r + 3/(-1). Suppose x = z - n + 4, 0 = 2*z + 2*n - 186. Is z composite?
False
Let x be (6 + (-4)/2)/1. Suppose x*u = -4*d + 8112, -3*u - 5*d + 4641 + 1437 = 0. Is u a prime number?
False
Is 25/(-5) + (2 - -20029) - 5 a composite number?
False
Let z(k) = 2*k + 9. Let r be z(-9). Let h(n) = n**2 + 8*n - 5. Let a be h(r). Let g(x) = 11*x + 5. Is g(a) a prime number?
False
Is 11499/(-6)*(-4)/2 composite?
False
Let a = 10546 - -14977. Is a a composite number?
False
Let g(w) = -8*w + 13. Let o be g(-11). Let q = o + 32. Is q composite?
True
Suppose -2*g - 3*b - 235 = 0, -11*g - b - 495 = -7*g. Let o be 69*1/4*12. Let f = o + g. Is f composite?
True
Let o be 28/7 - (-1 - -2). Suppose -o*k + 11706 = 5*n + 2507, -5*n + 9207 = -k. Is n composite?
True
Let h(w) = 2*w + 3. Let y be h(-6). Let k be 63/(-105) - 13/(-5). Let x = k - y. Is x a composite number?
False
Suppose 0 = 5*d - 2*d - 6381. Suppose -b = b - 5*h - 2103, 3*h - d = -2*b. Is b composite?
True
Let i = -11 + 16. Suppose 4902 = i*n + 1837. Is n a composite number?
False
Let r = 656 - 277. Is r a composite number?
False
Let i(d) = -d - 1. Let t(l) = -190*l + 1. Let v(j) = 2*i(j) + t(j). Is v(-1) a prime number?
True
Let o(a) = a - 3. Let w be o(4). Let l be (-1)/((w - -1) + -3). Is 251/l + 1 + -1 a prime number?
True
Let c be ((-8)/6 + 2)*(-78)/(-52). Suppose 3*d = -4*v + 6539, -2*d + c - 7 = 0. Is v prime?
True
Suppose -2*h + 54 = 50. Is ((-6)/(-9))/((4/897)/h) a prime number?
False
Let q(f) = 79*f + 90. Is q(11) a composite number?
True
Suppose 5*a + 3*z + 288 - 1 = 0, -a = -5*z + 63. Let f = 4 + a. Is (-13887)/f - (-2)/(-12) composite?
False
Is 2759/2 + 10/60*9 a composite number?
False
Suppose d - 409 = 232. Is d a composite number?
False
Suppose 3*d = -1454 + 7175. Is d prime?
True
Is (-4 - 12924/(-16))*4 prime?
False
Suppose 9123 = 5*m + 4*z, -6*z = -3*m - 10*z + 5477. Is m a composite number?
False
Suppose 2*p - 4 = -2*f, f + 2*p = -3 + 9. Is (0 + 438/9)/(f/(-6)) prime?
False
Let g(d) = 109*d - 267. Let p be g(5). Let f be 0/(-2) + -1 - 194. Let u = p + f. Is u composite?
False
Let x(g) = 3680*g**3 + g**2 - 2. Let h be x(2). Suppose -s + 7*s = h. Is s composite?
True
Let r(o) = o**3 - 2*o**2 - 3*o + 1. Let x be r(-5). Suppose 0 = 5*h - 5*n - 20, -7*n - 16 = -5*h - 4*n. Is 2*h*x/(-12) prime?
True
Let u = 132 + -140. Is (131860/u)/(-19)*2*1 prime?
False
Let g(b) be the third derivative of 91*b**4/8 - b**3/6 - 4*b**2. Is g(2) a prime number?
False
Let k(l) = 4*l**3 - 7*l**2 - 9*l - 1. Let z be k(9). Suppose 0 = -n + g + g + 457, 4*g = 5*n - z. Is n a prime number?
False
Suppose u = -2*w + 247, -w - 2*w + 4*u + 398 = 0. Suppose 2*d = w + 422. Is d a prime number?
False
Let h be (0/(-3) - 4) + 7. Suppose 4*p = -p - h*x + 3835, -3*p + 5*x = -2267. Suppose -8*u + 4*u + p = 0. Is u a composite number?
False
Let x be (3/4)/(14/37464). Suppose 5*f + 4*f = x. Is f a composite number?
False
Let i(r) = -106*r**2 - 40*r + 6. Let m(g) = -21*g**2 - 8*g + 1. Let p(l) = -2*i(l) + 11*m(l). Let o be p(-7). Let k = -409 - o. Is k a prime number?
True
Let d(z) = 2*z + 16. Let h be d(-8). Suppose v - 156 = -3*m + 284, 4*v + m - 1749 = h. Is v a composite number?
True
Let q(s) be the third derivative of s**8/2520 + s**7/1680 + s**6/360 - s**5/20 + s**2. Let r(v) be the third derivative of q(v). Is r(-5) a composite number?
True
Let t(y) be the first derivative of 81*y**2/2 + 18*y - 3. Let j be t(6). Suppose 179 = -5*d + j. Is d a prime number?
False
Let l(o) = -394*o. Let n(k) = -395*k + 1. Let z(h) = -2*l(h) + 3*n(h). Suppose -1 = w + 1. Is z(w) a composite number?
False
Is -1819*(4/(-10) - 51/85) prime?
False
Suppose -4*o - 8 = -d, 3*d = -0*o + 5*o + 24. Suppose 0 = -5*u - h + 5720, -h - 4567 = -d*u + 4*u. Is (1 + 0)/(9/u) composite?
False
Suppose -6*q + 5*q - 4*j + 2925 = 0, q - 2919 = 2*j. Is q composite?
True
Let h(x) = -4 + 19*x**3 - 3*x**2 - 2*x - 4*x**3 - x + 26*x**3. Is h(3) a composite number?
True
Suppose 2*l - 12 = 3*l. Let n be (3 - 0)/(l/(-20)). Suppose 3*r = -n*h + 940, -3*h = -4*h - 5*r + 210. Is h composite?
True
Let n = 12461 + -2400. Is n a prime number?
True
Let r(m) = -m**3 + 6*m**2 + 3*m. Let y be r(5). Let b be (-2)/(-8) - (-110)/y. Suppose 0*f + b*f - 42 = 0. Is f a prime number?
False
Let b be (-98)/(-8) - 11/44. Let i(o) be the third derivative of -o**6/120 + 7*o**5/30 - o**4/2 + 5*o**3/6 - 2*o**2. Is i(b) composite?
False
Let s(v) = -v**3 - 13*v**2 + 24*v + 17. Let f(t) = 2*t**3 + 26*t**2 - 49*t - 33. Let u(d) = -2*f(d) - 5*s(d). Is u(-14) a prime number?
False
Suppose 5*b - 4987 = -5*m + 10563, 3*m = 2*b - 6215. Is b composite?
False
Let v = -12 - -12. Suppose -7*j + 28 = -v*j. Suppose 36 = 4*y + j*q, 3*y - 47 = -0*q + q. Is y a prime number?
False
Let p = -335 - -1341. Is p a composite number?
True
Let s be (-2)/((-1 - 1)/998). Suppose -4*w - 2*d + s = 0, 0 = 3*w + 2*d - 1026 + 277. Suppose 3*l = -0*l + w. Is l composite?
False
Suppose -13*o - 18439 + 78668 = 0. Is o composite?
True
Let i(k) = -5*k**3 + 19*k**2 + 10*k + 16. Let s(v) = -4*v**3 + 18*v**2 + 11*v + 14. Let p(a) = 2*i(a) - 3*s(a). Is p(11) a prime number?
False
Let r = -1 - 7. Let j be r/10*925/10. Let l = -39 - j. Is l a prime number?
False
Let f = 25 + -20. Suppose f*i = 4*i + 246. Suppose 538 = 2*j + 2*x, -4*j + 1362 = -4*x + i. Is j a composite number?
True
Let g(s) = -21*s + 4. Suppose 34 = 3*u + 7. Let c = u + -20. Is g(c) a prime number?
False
Suppose 0 = 495*f - 490*f - 14635. Is f a prime number?
True
Is -5 + 180 + 4*(-15)/(-20) composite?
True
Suppose -5 = g - 3*o, -4*o = g + 4*g - 32. Suppose 20 = -3*k + 8*k, r = g*k + 207. Is r prime?
True
Let l(j) = -j - 3. Let y be l(-15). Let x = y + -9. Is (x - (-10)/(-4))*1130 a composite number?
True
Let k(w) = w**2 - 4*w + 17. Is k(12) prime?
True
Let w(r) = r + 6. Let h be w(-2). Is (-818)/(-4)*(-5 + h + 3) composite?
False
Is 36/3*82412/264 prime?
False
Suppose 2*g - 4*g = -16. Suppose 691 = o - p - 456, g = 2*p. Is o prime?
True
Is (17851/6)/(29/174) a prime number?
True
Let a(j) = -j**3 + 24*j**2 + 5*j - 4. Let b be a(24). Suppose 4*g - 648 = -b. Is g a composite number?
True
Let v be (-17432)/28 + 8/14. Is v/(-1) - (1 + -2) prime?
False
Let x(r) = -247*r + 183. Is x(-8) prime?
False
Suppose -6*d = -2*d - 48. Let s(f) = -f**3 + 14*f**2 + 11*f - 11. Is s(d) a composite number?
False
Suppose -1286 = 2*l - 0*l - 2*q, 3*l + 4*q = -1922. Let g = l - -1345. Is g a prime number?
False
Is 2/((-4)/(-18861))*140/210 a prime number?
True
Let m(t) = -2279*t**3 + t**2 - t - 1. Is m(-2) prime?
False
Suppose 2*c - 6*c = -3128. Let m = c - 400. Suppose -m - 142 = -4*t. Is t a composite number?
False
Suppose -o = o - 6. Let v(d) = -2*d**3 - 4*d**2 + d + 3. Let g be v(-2). Is o + (-2)/g + 556 composite?
False
Suppose -45801 = 590*n - 599*n. Is n prime?
False
Let f = 53 + -30. Let q = 42 - f. Is q a composite number?
False
Suppose 0*v + v - 4*n = 8, 3*v + 3*n = -6. Let y(d) = d**2 + d + 13. Is y(v) a prime number?
True
Let k = 157 - 226. Is (0 + 2)/((-6)/k) composite?
False
Let r = -30 - -31. Let h(d) = 470*d**2 - 1. Is h(r) composite?
True
Let a = 59 + -55. Let b(n) = -35*n**2 + 2*n - 17. Let h(d) = 18*d**2 - d + 8. Let m(r) = -3*b(r) - 5*h(r). Is m(a) a prime number?
False
Suppose a = -2, 0 = -4*i - 5*a + 136 + 378. Let c = -93 + i. Is c prime?
False
Let a = -31 + 34. Suppose -2*u + a*y + 38 = 0, 37 = 2*u + 3*y - 1. Is u composite?
False
Let k(s) = -s + 8. Let w be k(8). Let x be -1 + w - (4 + -5). Suppose 3*r - 5*r + 706 = x. Is r a composite number?
False
Suppose -21*y + 471456 + 555045 = 0. Is y prime?
False
Is 1337 + 26 - 2/1 a composite number?
False
Let a = -592 - -1032. Suppose -11*x + 